41?
1830341
List the prime factors of 346732.
2, 17, 5099
What are the prime factors of 346962?
2, 3, 7, 11, 751
What are the prime factors of 245648?
2, 13, 1181
What are the prime factors of 292893?
3, 17, 5743
What are the prime factors of 1093959?
3, 31, 1307
What are the prime factors of 462280?
2, 5, 7, 13, 127
What are the prime factors of 2677807?
11, 243437
List the prime factors of 378411.
3, 11, 11467
What are the prime factors of 801155?
5, 160231
What are the prime factors of 392478?
2, 3, 65413
List the prime factors of 22171791.
3, 17, 107, 239
List the prime factors of 5139906.
2, 3, 103, 8317
List the prime factors of 3397562.
2, 7, 37, 937
What are the prime factors of 1886805?
3, 5, 23, 1823
What are the prime factors of 576497?
37, 15581
What are the prime factors of 539466?
2, 3, 47, 1913
List the prime factors of 3456680.
2, 5, 103, 839
What are the prime factors of 74417?
7, 10631
List the prime factors of 5406574.
2, 599, 4513
List the prime factors of 87717.
3, 7, 4177
List the prime factors of 4793131.
7, 23, 4253
List the prime factors of 131336.
2, 16417
List the prime factors of 26659.
53, 503
List the prime factors of 112823.
257, 439
List the prime factors of 4570095.
3, 5, 127, 2399
What are the prime factors of 40547927?
7, 59, 98179
List the prime factors of 939826.
2, 23, 20431
What are the prime factors of 3098246?
2, 571, 2713
What are the prime factors of 2968673?
2968673
List the prime factors of 1192428.
2, 3, 61, 181
List the prime factors of 160059.
3, 53353
List the prime factors of 146277.
3, 16253
List the prime factors of 16884768.
2, 3, 19, 9257
List the prime factors of 301488.
2, 3, 11, 571
What are the prime factors of 2290030?
2, 5, 229003
List the prime factors of 3140085.
3, 5, 13, 16103
What are the prime factors of 11507230?
2, 5, 7, 43, 3823
List the prime factors of 3640590.
2, 3, 5, 19, 2129
List the prime factors of 14489494.
2, 23, 314989
What are the prime factors of 86854?
2, 43427
List the prime factors of 2934417.
3, 19, 51481
List the prime factors of 175893.
3, 58631
What are the prime factors of 1731?
3, 577
List the prime factors of 9846610.
2, 5, 367, 2683
List the prime factors of 1731909.
3, 17, 29, 1171
What are the prime factors of 28791?
3, 7, 457
What are the prime factors of 337442?
2, 7, 24103
List the prime factors of 4657102.
2, 421, 5531
List the prime factors of 113912.
2, 29, 491
What are the prime factors of 165169?
331, 499
What are the prime factors of 622467?
3, 69163
What are the prime factors of 517907?
13, 39839
What are the prime factors of 6160144?
2, 131, 2939
What are the prime factors of 782435?
5, 156487
What are the prime factors of 2710177?
2710177
List the prime factors of 13679252.
2, 3419813
What are the prime factors of 3623790?
2, 3, 5, 199, 607
What are the prime factors of 2293690?
2, 5, 7, 31, 151
What are the prime factors of 1201?
1201
What are the prime factors of 517528?
2, 11, 5881
What are the prime factors of 16794726?
2, 3, 13, 215317
What are the prime factors of 317866?
2, 17, 9349
What are the prime factors of 2250210?
2, 3, 5, 107, 701
What are the prime factors of 4723453?
7, 47, 293
What are the prime factors of 173672?
2, 17, 1277
What are the prime factors of 13908835?
5, 29, 95923
List the prime factors of 2144667.
3, 7, 73, 1399
What are the prime factors of 802587?
3, 17, 15737
What are the prime factors of 8770390?
2, 5, 859, 1021
What are the prime factors of 2256845?
5, 41, 101, 109
List the prime factors of 1800514.
2, 97, 9281
List the prime factors of 2346090.
2, 3, 5, 78203
List the prime factors of 88467.
3, 37, 797
List the prime factors of 933429.
3, 7, 44449
What are the prime factors of 936765?
3, 5, 257
What are the prime factors of 145996?
2, 17, 19, 113
List the prime factors of 1330306.
2, 665153
List the prime factors of 4698051.
3, 43, 79, 461
What are the prime factors of 2111802?
2, 3, 7, 11, 653
What are the prime factors of 10893277?
17, 37693
What are the prime factors of 5344499?
5344499
What are the prime factors of 218129?
331, 659
List the prime factors of 643956.
2, 3, 103, 521
List the prime factors of 88702.
2, 44351
What are the prime factors of 2201025?
3, 5, 29347
What are the prime factors of 34549480?
2, 5, 7, 163, 757
List the prime factors of 2609895.
3, 5, 173993
What are the prime factors of 1130137?
131, 8627
What are the prime factors of 5431338?
2, 3, 11, 27431
List the prime factors of 606542.
2, 303271
What are the prime factors of 4197956?
2, 7, 313, 479
What are the prime factors of 17952?
2, 3, 11, 17
What are the prime factors of 4031917?
61, 157, 421
What are the prime factors of 104061?
3, 34687
List the prime factors of 175745.
5, 35149
List the prime factors of 811218.
2, 3, 53, 2551
List the prime factors of 1130129.
7, 11, 13, 1129
List the prime factors of 5424623.
557, 9739
What are the prime factors of 946147?
571, 1657
List the prime factors of 224027.
224027
List the prime factors of 58254.
2, 3, 7, 19, 73
List the prime factors of 131241.
3, 11, 41, 97
What are the prime factors of 5675620?
2, 5, 17, 16693
What are the prime factors of 11882043?
3, 211, 6257
What are the prime factors of 5451820?
2, 5, 11, 24781
What are the prime factors of 2065124?
2, 23, 22447
List the prime factors of 117215.
5, 7, 17, 197
List the prime factors of 18210049.
11, 13, 127343
What are the prime factors of 7958264?
2, 19, 41, 1277
What are the prime factors of 32780?
2, 5, 11, 149
What are the prime factors of 18101357?
19, 113, 8431
List the prime factors of 1073362.
2, 317, 1693
What are the prime factors of 984079?
17, 107, 541
What are the prime factors of 12257636?
2, 563, 5443
List the prime factors of 10325663.
10325663
List the prime factors of 89376.
2, 3, 7, 19
What are the prime factors of 230888?
2, 7, 19, 31
What are the prime factors of 1111544?
2, 7, 23, 863
What are the prime factors of 34197217?
17, 2011601
What are the prime factors of 415461?
3, 79, 1753
List the prime factors of 3178278.
2, 3, 23, 853
What are the prime factors of 14538671?
7, 157, 13229
List the prime factors of 676436.
2, 263, 643
What are the prime factors of 23059242?
2, 3, 17, 2791
List the prime factors of 6034100.
2, 5, 83, 727
List the prime factors of 20121166.
2, 13, 17, 45523
List the prime factors of 598197.
3, 199399
What are the prime factors of 3055254?
2, 3, 271, 1879
What are the prime factors of 202098?
2, 3, 13, 2591
List the prime factors of 453319.
227, 1997
List the prime factors of 3738133.
7, 534019
What are the prime factors of 383122?
2, 191561
List the prime factors of 229890.
2, 3, 5, 79, 97
What are the prime factors of 888292?
2, 222073
List the prime factors of 379097.
379097
List the prime factors of 368618.
2, 184309
List the prime factors of 284330.
2, 5, 28433
List the prime factors of 17414.
2, 8707
What are the prime factors of 3794946?
2, 3, 19, 33289
List the prime factors of 15330820.
2, 5, 766541
What are the prime factors of 445652?
2, 43, 2591
What are the prime factors of 165318?
2, 3, 59, 467
List the prime factors of 164508.
2, 3, 13709
List the prime factors of 85916.
2, 47, 457
What are the prime factors of 543363?
3, 71, 2551
List the prime factors of 2168031.
3, 433, 1669
What are the prime factors of 18256789?
73, 449, 557
List the prime factors of 28264.
2, 3533
List the prime factors of 227093.
227093
List the prime factors of 4735084.
2, 1183771
What are the prime factors of 10728158?
2, 7, 109471
What are the prime factors of 591359?
71, 8329
List the prime factors of 62862.
2, 3, 10477
What are the prime factors of 147925?
5, 61, 97
What are the prime factors of 11914025?
5, 17, 97
What are the prime factors of 907587?
3, 31, 3253
What are the prime factors of 165917?
83, 1999
List the prime factors of 8741.
8741
List the prime factors of 3094427.
7, 442061
What are the prime factors of 63803?
63803
List the prime factors of 4686807.
3, 1562269
List the prime factors of 854589.
3, 37, 7699
List the prime factors of 74494.
2, 7, 17, 313
What are the prime factors of 307223?
7, 43889
List the prime factors of 31078706.
2, 887, 17519
What are the prime factors of 345217?
73, 4729
What are the prime factors of 3053502?
2, 3, 169639
What 